he highest common divisor of 4927 and 65?
13
Calculate the greatest common divisor of 104 and 88.
8
What is the highest common factor of 276 and 1311?
69
What is the greatest common factor of 306 and 850?
34
Calculate the highest common divisor of 52 and 2678.
26
Calculate the highest common factor of 8 and 332.
4
Calculate the highest common divisor of 55 and 484.
11
What is the greatest common divisor of 1943 and 268?
67
What is the greatest common factor of 14 and 651?
7
What is the greatest common divisor of 10542 and 42?
42
Calculate the highest common divisor of 352 and 5720.
88
What is the highest common divisor of 92 and 1012?
92
What is the greatest common divisor of 133 and 98?
7
What is the greatest common factor of 340 and 160?
20
Calculate the greatest common factor of 590 and 70.
10
What is the highest common factor of 60 and 156?
12
What is the greatest common divisor of 1 and 83?
1
Calculate the highest common factor of 63 and 108.
9
What is the greatest common factor of 36 and 68?
4
Calculate the greatest common factor of 93 and 18.
3
What is the highest common factor of 377 and 29?
29
Calculate the greatest common factor of 243 and 1791.
9
Calculate the greatest common factor of 18 and 48.
6
Calculate the highest common divisor of 805 and 46.
23
Calculate the highest common divisor of 58 and 1.
1
Calculate the greatest common divisor of 352 and 8.
8
Calculate the highest common divisor of 43 and 1376.
43
What is the greatest common divisor of 124 and 682?
62
What is the greatest common factor of 5740 and 10?
10
What is the greatest common divisor of 108330 and 138?
138
Calculate the highest common divisor of 4763 and 11.
11
Calculate the highest common divisor of 26 and 8242.
26
Calculate the greatest common divisor of 79 and 1975.
79
What is the highest common factor of 20 and 830?
10
Calculate the highest common divisor of 12 and 75.
3
Calculate the greatest common divisor of 9 and 2439.
9
Calculate the highest common divisor of 26 and 2366.
26
What is the highest common divisor of 16 and 2864?
16
Calculate the greatest common divisor of 4 and 100.
4
What is the highest common divisor of 8381 and 34?
17
What is the highest common divisor of 35 and 15?
5
Calculate the highest common divisor of 1419 and 645.
129
What is the greatest common factor of 442 and 17901?
221
Calculate the highest common factor of 1189 and 29.
29
What is the highest common divisor of 680 and 15?
5
What is the greatest common divisor of 58 and 6119?
29
What is the greatest common divisor of 24 and 300?
12
Calculate the highest common divisor of 427 and 61.
61
What is the greatest common factor of 21643 and 23?
23
Calculate the highest common factor of 492 and 10209.
123
What is the greatest common divisor of 28 and 452?
4
Calculate the greatest common factor of 15811 and 489.
163
What is the highest common divisor of 80 and 2288?
16
Calculate the highest common factor of 16445 and 195.
65
What is the greatest common divisor of 792 and 22?
22
What is the greatest common factor of 32 and 352?
32
Calculate the highest common divisor of 5340 and 60.
60
What is the greatest common divisor of 628 and 16?
4
What is the highest common factor of 530 and 10?
10
What is the greatest common factor of 77 and 3465?
77
Calculate the highest common factor of 378 and 154.
14
What is the highest common factor of 552 and 144?
24
What is the highest common factor of 1426 and 186?
62
What is the greatest common factor of 75 and 410?
5
What is the greatest common divisor of 3220 and 700?
140
Calculate the highest common factor of 30 and 84.
6
Calculate the greatest common factor of 36 and 24.
12
What is the highest common divisor of 5 and 265?
5
What is the greatest common divisor of 21 and 189?
21
What is the greatest common factor of 59 and 1?
1
Calculate the greatest common factor of 32 and 4544.
32
What is the highest common factor of 375 and 15?
15
What is the greatest common divisor of 18 and 2700?
18
Calculate the highest common divisor of 34 and 289.
17
Calculate the greatest common divisor of 385 and 539.
77
Calculate the greatest common factor of 1030 and 50.
10
What is the greatest common divisor of 1207 and 34?
17
What is the highest common factor of 3861 and 26?
13
What is the greatest common factor of 10249 and 3878?
277
What is the greatest common factor of 39 and 507?
39
Calculate the highest common factor of 48 and 4632.
24
Calculate the greatest common factor of 17281 and 11.
11
What is the highest common factor of 105 and 375?
15
Calculate the greatest common factor of 9 and 441.
9
What is the greatest common divisor of 2 and 2239?
1
What is the greatest common divisor of 1298 and 4071?
59
What is the highest common divisor of 40 and 520?
40
What is the greatest common factor of 7866 and 1368?
342
What is the highest common divisor of 308 and 21?
7
What is the highest common factor of 161 and 7?
7
What is the greatest common divisor of 45 and 144?
9
Calculate the highest common divisor of 106 and 2.
2
Calculate the highest common divisor of 51 and 289.
17
What is the greatest common factor of 146 and 12?
2
What is the greatest common factor of 160 and 590?
10
What is the greatest common divisor of 3904 and 64?
64
What is the highest common divisor of 3 and 48?
3
Calculate the highest common factor of 1508 and 91.
13
Calculate the greatest common divisor of 134 and 4.
2
What is the highest common divisor of 1691 and 95?
19
Calculate the greatest common factor of 35 and 805.
35
What is the greatest common factor of 9125 and 375?
125
What is the highest common factor of 16039 and 43?
43
What is the highest common factor of 88 and 14366?
22
What is the highest common factor of 12 and 66?
6
Calculate the highest common factor of 630 and 36.
18
Calculate the highest common factor of 90 and 1530.
90
Calculate the greatest common factor of 1278 and 18.
18
What is the highest common divisor of 20 and 620?
20
Calculate the greatest common divisor of 1984 and 64.
64
What is the highest common factor of 370 and 592?
74
What is the greatest common factor of 304 and 494?
38
What is the highest common divisor of 361 and 57?
19
Calculate the highest common divisor of 583 and 33.
11
Calculate the greatest common factor of 12 and 282.
6
What is the greatest common factor of 6 and 786?
6
Calculate the highest common factor of 117 and 81.
9
What is the highest common factor of 913 and 11?
11
What is the highest common divisor of 22 and 18?
2
Calculate the greatest common factor of 2 and 200.
2
Calculate the greatest common divisor of 532 and 588.
28
What is the greatest common divisor of 856 and 2675?
107
What is the greatest common factor of 34 and 255?
17
What is the highest common divisor of 11041 and 724?
181
What is the greatest common divisor of 920 and 322?
46
What is the highest common divisor of 119 and 187?
17
Calculate the greatest common factor of 17956 and 4.
4
Calculate the greatest common factor of 7164 and 12.
12
Calculate the highest common divisor of 315 and 1089.
9
Calculate the greatest common factor of 39204 and 792.
396
What is the highest common divisor of 470 and 29422?
94
Calculate the highest common divisor of 8820 and 60.
60
Calculate the highest common factor of 800 and 96.
32
Calculate the highest common factor of 2020 and 60.
20
What is the highest common factor of 318 and 6254?
106
Calculate the greatest common divisor of 1432 and 13246.
358
Calculate the greatest common divisor of 39 and 13.
13
Calculate the greatest common divisor of 43 and 2.
1
What is the highest common divisor of 7161 and 77?
77
Calculate the highest common factor of 22 and 803.
11
What is the greatest common divisor of 3683 and 635?
127
Calculate the highest common factor of 74 and 10.
2
Calculate the highest common factor of 265 and 8480.
265
Calculate the greatest common factor of 88 and 216.
8
What is the highest common factor of 836 and 1342?
22
What is the greatest common divisor of 148 and 518?
74
Calculate the greatest common factor of 1577 and 57.
19
Calculate the greatest common divisor of 87 and 5771.
29
Calculate the greatest common divisor of 572 and 78.
26
Calculate the greatest common factor of 1526 and 14.
14
Calculate the greatest common divisor of 3